 + 1009*c + 4319. Give z(206).
-7
Let y(a) = -a**2 - 621*a - 33166. Calculate y(-59).
-8
Let z(d) = -d**3 - 35*d**2 - 57*d - 19916. Calculate z(-44).
16
Let o(s) = 1939*s - 465753. What is o(240)?
-393
Let m(a) = -22*a**2 - 3175*a - 1004. Calculate m(-144).
4
Let y(b) = 71496*b + 2430832. What is y(-34)?
-32
Let x(v) = 183*v + 8211. What is x(-45)?
-24
Let z(p) = 3*p**2 + 4610*p + 4608. Calculate z(-1).
1
Let x(m) = m**2 - 10303*m + 979879. Give x(96).
7
Let l(i) = 39*i**2 + 4506*i + 4506. Calculate l(-1).
39
Let r(z) = 530*z + 25416. Calculate r(-48).
-24
Let s(n) = -87*n**2 - 1149*n - 8077. Calculate s(-7).
-4297
Let k(m) = -3*m**3 - 77*m**2 + 501*m + 279. Determine k(-31).
124
Let v(k) = -k**3 + 97*k**2 - 1820*k - 9. Determine v(26).
667
Let b(q) = -q**2 + 465*q - 5530. What is b(12)?
-94
Let p(n) = -n**3 - 39*n**2 - 25*n + 429. What is p(-38)?
-65
Let m(t) = 463073*t + 143089553. What is m(-309)?
-4
Let p(a) = 2552*a - 375172. Calculate p(147).
-28
Let t(x) = 3*x**3 + 80*x**2 - 1084*x - 213. Determine t(10).
-53
Let v(d) = 2*d**3 - 68*d**2 - 993*d + 133. Calculate v(45).
-2
Let m(z) = -582*z - 13910. Calculate m(-23).
-524
Let v(t) = -3*t**3 + 86*t**2 - 108*t + 6844. Calculate v(30).
4
Let f(h) = -1761*h - 137452. What is f(-78)?
-94
Let a(d) = -34*d**2 - 9847*d + 43833. Determine a(-294).
27
Let m(i) = i**3 - 65. Calculate m(0).
-65
Let v(m) = 44*m + 962. What is v(-25)?
-138
Let o(a) = a**3 - 112*a**2 + 114*a - 2690. Determine o(111).
-2357
Let d(i) = 4737*i + 4083271. What is d(-862)?
-23
Let b(y) = -5199*y - 161. Give b(0).
-161
Let a(t) = 632*t + 94788. Give a(-150).
-12
Let o(z) = -4*z**2 + 902*z - 29986. Calculate o(185).
-16
Let y(p) = 126048*p - 21. What is y(0)?
-21
Let r(n) = -6*n**2 + 235*n - 396. Calculate r(39).
-357
Let v(m) = -2434*m - 17020. What is v(-7)?
18
Let v(s) = -19*s**3 - 5522*s**2 + 2028*s - 2692. What is v(-291)?
-73
Let f(n) = 7*n**3 + 39*n**2 + 22*n + 124. What is f(-6)?
-116
Let c(k) = -376*k - 32353. Give c(-86).
-17
Let l(s) = 30240*s + 29737. Give l(-1).
-503
Let w(c) = -77*c**3 + 2*c**2 + 162*c - 333. Determine w(2).
-617
Let j(m) = 66699*m + 667155. Determine j(-10).
165
Let q(l) = l**2 - 783*l + 20163. What is q(28)?
-977
Let l(h) = -h**2 + 70*h + 639. Calculate l(-8).
15
Let i(p) = p**3 - 65*p**2 + 488*p - 7917. Calculate i(59).
-11
Let h(j) = 1047*j - 37652. Calculate h(36).
40
Let d(r) = -3915767*r - 7831512. What is d(-2)?
22
Let a(o) = 1580*o**3 - 221*o - 221. Determine a(-1).
-1580
Let u(v) = 172*v**2 - 4985*v + 4697. Give u(28).
-35
Let x(j) = -6758*j**2 - 141927*j - 132. What is x(-21)?
57
Let v(b) = -4*b**3 - 504*b**2 - 459*b - 57840. Calculate v(-126).
-6
Let o(f) = -2*f**3 - 27*f**2 - 260*f - 688. Give o(-7).
495
Let p(h) = 353*h - 1890. Determine p(6).
228
Let o(z) = 11903*z + 1225989. Give o(-103).
-20
Let k(g) = 3*g**3 - 19*g**2 + 33*g + 229. Give k(6).
391
Let b(s) = 2*s**3 + 63*s**2 + 7616*s + 235110. Calculate b(-31).
-25
Let n(i) = -i**3 + 128*i**2 + 1177*i - 8. Give n(-8).
-720
Let d(n) = -n**3 - 36*n**2 + 346*n - 8030. Determine d(-47).
7
Let q(g) = 160*g - 957. Determine q(5).
-157
Let m(p) = -p**2 - 1181*p + 67977. Calculate m(55).
-3
Let r(g) = 391522*g + 3523706. Give r(-9).
8
Let r(z) = 3734*z + 19246. Determine r(-5).
576
Let x(m) = -5*m**2 - 435*m - 9144. Give x(-36).
36
Let g(o) = 15*o**2 - 1844*o + 28246. Calculate g(105).
1
Let p(w) = -2*w**2 + 713*w - 59101. Calculate p(226).
-115
Let c(d) = -339*d - 797. Determine c(-2).
-119
Let z(m) = -494*m - 77394. Give z(-157).
164
Let k(n) = -20*n**2 + 196*n + 10940. Calculate k(-19).
-4
Let o(j) = 5*j**2 + 310*j - 1003. Give o(-65).
-28
Let q(h) = -5*h**2 + 17*h - 101. Determine q(-8).
-557
Let p(m) = 9*m**3 + 28*m**2 + 44*m + 38. Determine p(-2).
-10
Let c(m) = -134*m**2 - 348*m. Calculate c(-5).
-1610
Let p(h) = 33272*h - 1630325. Give p(49).
3
Let u(x) = -x**3 - 68*x**2 - 1136*x + 326. Determine u(-31).
-15
Let j(h) = -48286*h + 193154. Calculate j(4).
10
Let k(n) = 17321*n + 4035789. Calculate k(-233).
-4
Let k(v) = v**2 + 21189*v - 148376. Calculate k(7).
-4
Let n(y) = -207*y + 465. What is n(9)?
-1398
Let n(a) = 24*a**3 + a**2 + 7*a + 1545. Calculate n(0).
1545
Let b(i) = -2*i**2 + 1778*i - 40067. Determine b(23).
-231
Let q(f) = 4013*f + 200647. What is q(-50)?
-3
Let z(p) = 1892*p + 794723. Calculate z(-420).
83
Let i(y) = 40*y + 601. Calculate i(1).
641
Let f(k) = -4*k**3 + 20*k**2 + 197*k + 26. Give f(10).
-4
Let h(g) = -3*g**3 + 55*g**2 - 52*g + 486. Calculate h(11).
2576
Let w(r) = 172*r + 501. What is w(-5)?
-359
Let q(a) = -13*a**2 - 163*a + 104. What is q(0)?
104
Let y(z) = 2*z**2 - 1077*z - 7077. Determine y(545).
8
Let r(s) = 20416*s - 183116. Determine r(9).
628
Let t(f) = 136*f + 16534. Calculate t(-118).
486
Let d(z) = z**2 - 35*z - 11469. What is d(128)?
435
Let q(f) = -1065*f**2 - 5360*f + 71. Calculate q(-5).
246
Let j(a) = -a**3 + 186*a**2 - 403*a + 6363. Calculate j(184).
-77
Let f(c) = 465*c - 3749. Calculate f(8).
-29
Let u(p) = 12638*p**2 - 63167*p - 137. Calculate u(5).
-22
Let a(l) = l**2 - 3111*l - 94. What is a(0)?
-94
Let q(d) = -63*d**2 - 786*d - 27. Calculate q(-17).
-4872
Let u(n) = -n**2 - 300*n - 3395. Give u(-12).
61
Let c(u) = 2091*u - 41668. Calculate c(20).
152
Let z(l) = 1209*l + 9204. Give z(-7).
741
Let o(b) = 14*b**2 + 35*b + 105. Give o(-3).
126
Let o(x) = 1895*x**2 + 26549*x - 44. What is o(-14)?
-310
Let x(p) = -179*p**2 - 15934*p - 263. What is x(-89)?
4
Let s(l) = -988*l + 723. Calculate s(2).
-1253
Let v(g) = 7*g**3 + g**2 - 80*g + 189. Determine v(3).
147
Let z(d) = 19668*d**2 + 78686*d + 5. What is z(-4)?
-51
Let b(x) = -344*x - 10494. Give b(-28).
-862
Let w(s) = -177*s - 5449. Determine w(-31).
38
Let n(x) = 1097*x - 35124. What is n(32)?
-20
Let r(h) = h**3 + 1096*h**2 + 194682*h + 2594. Determine r(-873).
-25
Let a(v) = 55*v**2 + 156*v - 2106. Give a(5).
49
Let o(i) = -256*i + 9157. What is o(37)?
-315
Let d(m) = 2341*m - 142682. Give d(61).
119
Let l(d) = -d**2 - 2861*d - 1121843. What is l(-469)?
5
Let i(f) = 99*f**2 + 3902*f - 2321. Determine i(-40).
-1
Let r(g) = -7*g**3 - 50*g**2 + 24*g + 122. What is r(-7)?
-95
Let i(j) = -j**3 - j**2 + 43*j + 730. Determine i(0).
730
Let b(r) = r**2 + 65*r + 800. Calculate b(-17).
-16
Let z(j) = j**3 - 108*j**2 - 271*j + 5673. Determine z(110).
63
Let t(f) = 2*f**2 - 2916*f + 404013. Calculate t(155).
83
Let h(m) = -5540*m**2 + 1168939*m + 175. Calculate h(211).
-36
Let a(z) = 623*z - 128922. Give a(207).
39
Let t(d) = d**3 + 57*d**2 - 55*d + 7554. What is t(-60)?
54
Let d(s) = s**3 - 25*s**2 - 366*s - 596. Give d(36).
484
Let r(l) = 17*l**2 + 5722*l + 539. Give r(-336).
-2821
Let i(x) = -x**3 - 19*x**2 + 30*x + 702. Determine i(-11).
-596
Let m(v) = -v**3 - 241*v**2 + 2497*v - 3240. Calculate m(-251).
23
Let b(o) = -o**3 + 14*o**2 - 115*o + 475. Calculate b(4).
175
Let n(d) = -d**2 + 9*d + 72. Give n(4).
92
Let w(v) = -8*v**3 + 1775*v**2 + 305*v - 18408. Determine w(222).
18
Let q(f) = 9499*f + 607849. What is q(-64)?
-87
Let s(t) = 3819*t**2 - 3818*t - 5. Calculate s(1).
-4
Let d(j) = 20*j**3 + 280*j**2 - 64*j - 658. What is d(-14)?
238
Let a(u) = u**3 + 27*u**2 - 1332*u - 36499. Calculate a(-28).
13
Let n(m) = -54868*m - 1748. Give n(0).
-1748
Let d(a) = 306*a**3 + 12241*a**2 + 40*a - 8. Calculate d(-40).
-8
Let b(f) = -2*f**3 - 3901*f**2 + 149110*f + 19882. Calculate b(-1988).
2
Let r(q) = q**3 + 105*q**2 - 4043*q - 272. Give r(30).
-62
Let w(b) = -20*b**2 - 120*b - 115. Determine w(-12).
-1555
Let s(k) = 3*k**3 + 3384*k**2 - 82946*k - 2315. Determine s(-1152).
-11
Let m(t) = 93*t + 7253. What is m(-79)?
-94
Let u(b) = 14*b**2 + 405*b + 918. Give u(-26).
-148
Let w(v) = 3*v**2 + 12763*v + 229093. Determine w(-18).
331
Let u(c) = 31375*c - 251709. Calculate u(8).
-709
Let l(y) = -4838*y - 4049407. Determine l(-837).
-1
Let d(s) = s**3 + 241*s**2 - 8133*s + 106. What is d(30)?
16
Let q(z) = -98*z - 7325. Give q(-56).
-1837
Let s(c) = -1427394*c - 7136957. Give s(-5).
13
Let j(k) = -192*k**2 + 53*k - 53. Determine j(1).
-192
Let v(b) = 119*b**3 - 61*b**2 - 147*b - 44. What is v(-2)?
-946
Let l(q) = -42900*q - 5748603. Determine l(-134).
-3
Let c(w) = w**2 - 63*w - 1948. Give c(86).
30
Let u(x) = 6*x**2 - 2748*x + 55059. Give u(4